{"id":103,"date":"2017-09-19T20:43:44","date_gmt":"2017-09-19T18:43:44","guid":{"rendered":"http:\/\/ajde-jano.pl\/?page_id=103"},"modified":"2024-03-04T03:11:48","modified_gmt":"2024-03-04T02:11:48","slug":"regulamin","status":"publish","type":"page","link":"https:\/\/ajde-jano.pl\/index.php\/regulamin\/","title":{"rendered":"O NAS"},"content":{"rendered":"<h3>Stowarzyszenie powsta\u0142o w marcu 2012 roku.<\/h3>\n<h3>Kierujemy si\u0119 mottem;<\/h3>\n<h3 style=\"text-align: center;\"><strong>&#8220;taniec otwiera w ludziach to co najpi\u0119kniejsze&#8230;&#8221;<\/strong><\/h3>\n<h3><strong>Celem Stowarzyszenia jest:<\/strong><\/h3>\n<ul>\n<li>\n<h3>Stwarzanie p\u0142aszczyzny wsp\u00f3\u0142pracy i wymiany do\u015bwiadcze\u0144 pomi\u0119dzy instruktorami ta\u0144ca, terapeutami \u00a0 \u00a0 oraz innymi osobami, kt\u00f3re pracuj\u0105 w takich dziedzinach jak: sztuka, medycyna, fizjoterapia, \u00a0 \u00a0 \u00a0psychologia;<\/h3>\n<\/li>\n<li>\n<h3>Dzia\u0142alno\u015b\u0107 na rzecz m\u0142odzie\u017cy, os\u00f3b starszych, samotnych oraz os\u00f3b z obni\u017con\u0105 norm\u0105 intelektualn\u0105;<\/h3>\n<\/li>\n<li>\n<h3>Dzia\u0142anie na rzecz os\u00f3b niepe\u0142nosprawnych;<\/h3>\n<\/li>\n<li>\n<h3>Integrowanie spo\u0142eczno\u015bci z osobami niepe\u0142nosprawnymi oraz osobami z obni\u017con\u0105 norm\u0105 intelektualn\u0105;<\/h3>\n<\/li>\n<li>\n<h3>Reprezentowanie i popularyzacja r\u00f3\u017cnorodno\u015bci kulturowej narod\u00f3w i region\u00f3w europejskich;<\/h3>\n<\/li>\n<li>\n<h3>Poszerzanie wiedzy na temat ta\u0144c\u00f3w etnicznych i terapii zaj\u0119ciowej oraz wykorzystywanie tych \u00a0 \u00a0 do\u015bwiadcze\u0144 w pracy warsztatowej i terapeutycznej;Dzia\u0142ania na rzecz integracji europejskiej<\/h3>\n<\/li>\n<li>\n<h3>Rozpowszechnianie kultury narodowej kraj\u00f3w \u015bwiata, a w szczeg\u00f3lno\u015bci kraj\u00f3w Europy \u00a0 \u00a0poprzez inicjowanie r\u00f3\u017cnych form artystycznych zwi\u0105zanych z upowszechnianiem ta\u0144c\u00f3w \u00a0 \u00a0 etnicznych oraz wsp\u00f3\u0142dzia\u0142anie w tym zakresie z plac\u00f3wkami kulturalnymi;<\/h3>\n<\/li>\n<\/ul>\n<h3>Zapraszamy do wsp\u00f3\u0142pracy, zapisz si\u0119 do stowarzyszenia:<\/h3>\n<h3>Dokumenty do pobrania:<\/h3>\n<h3>Deklaracja cz\u0142onkowska pobierz <a href=\"https:\/\/drive.google.com\/file\/d\/1I0e1erFUfvhPEImGsmN-7lSVVxylDzjT\/view?usp=sharing\">tutaj<\/a><\/h3>\n<h3>Statut Stowarzyszenia pobierz <a href=\"https:\/\/drive.google.com\/file\/d\/1JnuXrnbNy-QLGmML2WhydcXMqbSK1sDG\/view?usp=sharing\">tutaj<\/a><\/h3>\n","protected":false},"excerpt":{"rendered":"<p>Stowarzyszenie powsta\u0142o w marcu 2012 roku. Kierujemy si\u0119 mottem; &#8220;taniec otwiera w ludziach to co najpi\u0119kniejsze&#8230;&#8221; Celem Stowarzyszenia jest: Stwarzanie p\u0142aszczyzny wsp\u00f3\u0142pracy i wymiany do\u015bwiadcze\u0144 pomi\u0119dzy instruktorami ta\u0144ca, terapeutami \u00a0&#8230;<\/p>\n","protected":false},"author":1,"featured_media":0,"parent":0,"menu_order":1,"comment_status":"closed","ping_status":"closed","template":"","meta":{"jetpack_post_was_ever_published":false,"two_page_speed":[],"footnotes":""},"class_list":["post-103","page","type-page","status-publish","hentry"],"jetpack_sharing_enabled":true,"jetpack_shortlink":"https:\/\/wp.me\/P9cktr-1F","_links":{"self":[{"href":"https:\/\/ajde-jano.pl\/index.php\/wp-json\/wp\/v2\/pages\/103","targetHints":{"allow":["GET"]}}],"collection":[{"href":"https:\/\/ajde-jano.pl\/index.php\/wp-json\/wp\/v2\/pages"}],"about":[{"href":"https:\/\/ajde-jano.pl\/index.php\/wp-json\/wp\/v2\/types\/page"}],"author":[{"embeddable":true,"href":"https:\/\/ajde-jano.pl\/index.php\/wp-json\/wp\/v2\/users\/1"}],"replies":[{"embeddable":true,"href":"https:\/\/ajde-jano.pl\/index.php\/wp-json\/wp\/v2\/comments?post=103"}],"version-history":[{"count":7,"href":"https:\/\/ajde-jano.pl\/index.php\/wp-json\/wp\/v2\/pages\/103\/revisions"}],"predecessor-version":[{"id":894,"href":"https:\/\/ajde-jano.pl\/index.php\/wp-json\/wp\/v2\/pages\/103\/revisions\/894"}],"wp:attachment":[{"href":"https:\/\/ajde-jano.pl\/index.php\/wp-json\/wp\/v2\/media?parent=103"}],"curies":[{"name":"wp","href":"https:\/\/api.w.org\/{rel}","templated":true}]}}

<h3>Stowarzyszenie powstało w marcu 2012 roku.</h3>
<h3>Kierujemy się mottem;</h3>
<h3 style="text-align: center;"><strong>&#8220;taniec otwiera w ludziach to co najpiękniejsze&#8230;&#8221;</strong></h3>
<h3><strong>Celem Stowarzyszenia jest:</strong></h3>
<ul>
<li>
<h3>Stwarzanie płaszczyzny współpracy i wymiany doświadczeń pomiędzy instruktorami tańca, terapeutami     oraz innymi osobami, które pracują w takich dziedzinach jak: sztuka, medycyna, fizjoterapia,      psychologia;</h3>
</li>
<li>
<h3>Działalność na rzecz młodzieży, osób starszych, samotnych oraz osób z obniżoną normą intelektualną;</h3>
</li>
<li>
<h3>Działanie na rzecz osób niepełnosprawnych;</h3>
</li>
<li>
<h3>Integrowanie społeczności z osobami niepełnosprawnymi oraz osobami z obniżoną normą intelektualną;</h3>
</li>
<li>
<h3>Reprezentowanie i popularyzacja różnorodności kulturowej narodów i regionów europejskich;</h3>
</li>
<li>
<h3>Poszerzanie wiedzy na temat tańców etnicznych i terapii zajęciowej oraz wykorzystywanie tych     doświadczeń w pracy warsztatowej i terapeutycznej;Działania na rzecz integracji europejskiej</h3>
</li>
<li>
<h3>Rozpowszechnianie kultury narodowej krajów świata, a w szczególności krajów Europy    poprzez inicjowanie różnych form artystycznych związanych z upowszechnianiem tańców     etnicznych oraz współdziałanie w tym zakresie z placówkami kulturalnymi;</h3>
</li>
</ul>
<h3>Zapraszamy do współpracy, zapisz się do stowarzyszenia:</h3>
<h3>Dokumenty do pobrania:</h3>
<h3>Deklaracja członkowska pobierz <a href="https://drive.google.com/file/d/1I0e1erFUfvhPEImGsmN-7lSVVxylDzjT/view?usp=sharing">tutaj</a></h3>
<h3>Statut Stowarzyszenia pobierz <a href="https://drive.google.com/file/d/1JnuXrnbNy-QLGmML2WhydcXMqbSK1sDG/view?usp=sharing">tutaj</a></h3>

<p>Stowarzyszenie powstało w marcu 2012 roku. Kierujemy się mottem; &#8220;taniec otwiera w ludziach to co najpiękniejsze&#8230;&#8221; Celem Stowarzyszenia jest: Stwarzanie płaszczyzny współpracy i wymiany doświadczeń pomiędzy instruktorami tańca, terapeutami  &#8230;</p>
